{"id":150,"date":"2018-02-22T17:24:51","date_gmt":"2018-02-22T16:24:51","guid":{"rendered":"http:\/\/www.marieannicklabonne.com\/?page_id=150"},"modified":"2022-07-18T13:25:37","modified_gmt":"2022-07-18T12:25:37","slug":"stage-de-tarot-de-marseille","status":"publish","type":"page","link":"https:\/\/www.marieannicklabonne.com\/?page_id=150","title":{"rendered":"Stage de Tarot de Marseille"},"content":{"rendered":"<p><span style=\"color: #800080;\"><strong>Le tarot de Marseille, un chemin vers Soi.<\/strong><\/span><\/p>\n<p><span style=\"color: #800080;\"><strong><em>Je vous propose un stage (th\u00e9orie et pratique) de 3 jours o\u00f9 nous explorerons <\/em><\/strong><strong><em>les 22 arcanes majeurs du tarot.<\/em><\/strong><\/span><\/p>\n<p><span style=\"color: #800080;\"><strong><em>Nous verrons ainsi comment le tarot de Marseille permet un chemin \u00e9volutif, en d\u00e9codant les \u00e9v\u00e8nements et les \u00e9motions qui jalonnent notre \u00a0vie.<\/em><\/strong><\/span><\/p>\n<p><span style=\"color: #800080;\"><strong><em>C\u2019est un outil du quotidien qui permet un travail sur soi en autonomie.<\/em><\/strong><\/span><\/p>\n<p><strong>La prochaine session aura lieu\u00a0 <\/strong><strong>les<\/strong> <strong>lundis<\/strong> 19 septembre, 3 octobre et 17 octobre \u00e0 <strong>VANNES<\/strong>, 9 rue Auguste Le Goff<\/p>\n<p><strong>Tarif<\/strong>\u00a0: 70\u20ac la journ\u00e9e<\/p>\n<p><strong>Horaire<\/strong>\u00a0: 9h30 \u00e0 17h30\u00a0\u00a0 (possibilit\u00e9 de d\u00e9jeuner sur place avec votre pique-nique)<\/p>\n<p><strong>Se munir du jeu de tarot de Marseille de Camoin (de pr\u00e9f\u00e9rence)ou de Grimaud<\/strong><\/p>\n<p><strong><em>Pour r\u00e9pondre \u00e0 d\u2019\u00e9ventuelles questions ou vous inscrire, je suis \u00e0 votre disposition au <\/em><\/strong><strong><em>06 84 31 31 18 ou par courriel :\u00a0<\/em><\/strong><strong><em><a href=\"mailto:marieannick.labonne@gmail.com\">marieannick.labonne@gmail.com<\/a><\/em><\/strong><\/p>\n<p><strong><em>\u00a0<\/em><\/strong><\/p>\n<p><strong><em>\u00a0<\/em><\/strong><\/p>\n","protected":false},"excerpt":{"rendered":"<p>Le tarot de Marseille, un chemin vers Soi. Je vous propose un stage (th\u00e9orie et pratique) de 3 jours o\u00f9 nous explorerons les 22 arcanes majeurs du tarot. Nous verrons ainsi comment le tarot de Marseille permet un chemin \u00e9volutif, en d\u00e9codant les \u00e9v\u00e8nements et les \u00e9motions qui jalonnent notre \u00a0vie. C\u2019est un outil du [&hellip;]<\/p>\n","protected":false},"author":1,"featured_media":0,"parent":0,"menu_order":8,"comment_status":"open","ping_status":"open","template":"","meta":{"footnotes":""},"_links":{"self":[{"href":"https:\/\/www.marieannicklabonne.com\/index.php?rest_route=\/wp\/v2\/pages\/150"}],"collection":[{"href":"https:\/\/www.marieannicklabonne.com\/index.php?rest_route=\/wp\/v2\/pages"}],"about":[{"href":"https:\/\/www.marieannicklabonne.com\/index.php?rest_route=\/wp\/v2\/types\/page"}],"author":[{"embeddable":true,"href":"https:\/\/www.marieannicklabonne.com\/index.php?rest_route=\/wp\/v2\/users\/1"}],"replies":[{"embeddable":true,"href":"https:\/\/www.marieannicklabonne.com\/index.php?rest_route=%2Fwp%2Fv2%2Fcomments&post=150"}],"version-history":[{"count":9,"href":"https:\/\/www.marieannicklabonne.com\/index.php?rest_route=\/wp\/v2\/pages\/150\/revisions"}],"predecessor-version":[{"id":175,"href":"https:\/\/www.marieannicklabonne.com\/index.php?rest_route=\/wp\/v2\/pages\/150\/revisions\/175"}],"wp:attachment":[{"href":"https:\/\/www.marieannicklabonne.com\/index.php?rest_route=%2Fwp%2Fv2%2Fmedia&parent=150"}],"curies":[{"name":"wp","href":"https:\/\/api.w.org\/{rel}","templated":true}]}}